81631 = -10*d. What is the units digit of (-2 - -12)*d/(-106)?
5
Let m = -1802 + 2487. Suppose -4*o + 0*o + 16 = 0. Suppose m = d + o*d. What is the units digit of d?
7
Suppose 5*z + 4 = -4*i, 0*z = i + z. Suppose -2*v = -i - 6. Suppose -v*m + 0*q + 3*q + 627 = 0, 0 = 2*q + 8. What is the tens digit of m?
2
What is the tens digit of 18*(-13)/39 - (-2434 - 2)?
3
Suppose -c = -3*w - 84 - 71, 3*c - 421 = -2*w. Suppose -4*l = k - c, 2*l - 285 = -5*k + 430. What is the hundreds digit of k?
1
Let m(w) = 149*w - 4119. Let k be m(28). Let b be 1 + -1 + 1 + 190. Let h = b - k. What is the units digit of h?
8
Suppose -5*w - 4*s = -78754, 2*s = 5*w - 0*s - 78748. Suppose -23*h + w + 166 = 0. What is the units digit of h?
2
Let f(j) = 3314*j - 2132. What is the hundreds digit of f(4)?
1
Suppose -50*y = -47*y - 1230. Suppose 1264 = -408*r + y*r. What is the tens digit of r?
3
Suppose 120 = 2*r + 454. Let c = 97 + r. Let t = c - -151. What is the units digit of t?
1
What is the hundreds digit of (14 + (-136)/8)*(1 - 1110)?
3
Let d be -2 - (-27 - -1) - 1. Let t = -18 + d. Suppose l - 5*l = -4*z - 220, t*z - 125 = -3*l. What is the tens digit of l?
5
Suppose 0 = -3*c - z + 3751, 1249 = -400*c + 401*c + z. What is the units digit of c?
1
Let s(h) = 57*h**2 + 2*h + 2. Let y(d) = -d**2 - d - 2. Let a be y(0). Let k be s(a). Suppose -6*w - 10 = -k. What is the units digit of w?
6
Let m(t) = 12*t**2 - 14*t + 0*t**3 + 2*t**3 - 11 - t**3. Let c be m(-13). Let f(n) = 22*n. What is the tens digit of f(c)?
4
Let r(m) = -5*m**3 + 10*m**2 + 5*m + 16. Let h(b) = 6*b**3 - 12*b**2 - 6*b - 17. Let q(o) = -3*h(o) - 4*r(o). What is the units digit of q(6)?
3
Let t = -39856 + 72736. What is the tens digit of t?
8
Let f be 9/(-3) + (7 + 3 - 2). Suppose 2*g + 15 + 5974 = f*d, -4*d + 5*g = -4798. What is the tens digit of d?
9
Suppose 30*a - 122625 = 27*a + 4*f, 163497 = 4*a - 5*f. What is the thousands digit of a?
0
Let r = -367 + -409. Let i = 1530 + r. What is the tens digit of i?
5
Suppose 77*b - 865 = 72*b. Suppose 2*v = c - 1036, c - 1229 + b = -3*v. What is the thousands digit of c?
1
Let d(i) = 3*i**3 + 20*i**2 - 6*i + 12. Let w be d(-7). Suppose w*b - 4792 = -3*b. What is the tens digit of b?
9
Let m(j) = -9*j**2 + 2*j + 24. Let d be m(7). Let l = 219 + d. Let k = 16 - l. What is the hundreds digit of k?
2
Suppose -c + 2 = 0, -5*u = -3*c - 6277 - 8242. Suppose -53*p = -58*p + u. What is the tens digit of p?
8
Let a(t) = 259*t**2 + 2*t. Let k be a(2). Suppose 3*z - 8*z = -k. Let h = -133 + z. What is the units digit of h?
5
What is the thousands digit of (-50*(-10)/2500)/(-1*1/(-35635))?
7
Suppose -9*u + 2*o = -4*u - 51670, 3*u = o + 31001. Suppose 0 = 115*i - 127*i + u. What is the hundreds digit of i?
8
Suppose -4419 = -5*x + 46121. What is the units digit of x?
8
Let c(s) be the third derivative of s**5/60 - 29*s**4/24 - 26*s**3/3 - 127*s**2. What is the units digit of c(34)?
8
Suppose 63*a + 21*a + 2*a - 36722 = 0. Let b(q) = -24*q - 10. Let f be b(7). Let n = a + f. What is the units digit of n?
9
Let z(r) = -9*r**2 - 5*r - 23. Let y(m) = 4*m**2 + 2*m + 12. Let k(f) = -5*y(f) - 3*z(f). Let h be k(8). Suppose h = -0*t + 7*t. What is the units digit of t?
1
Let x = 9498 + -2942. What is the units digit of x?
6
Let u(w) = -287*w**2 + 12*w + 2. Let y be u(2). Let k = 2209 + y. What is the tens digit of k?
8
Let h = 13 - 22. Let f(d) = 2*d**2 - 5*d - 2. Let a be f(h). Let r = a - 96. What is the hundreds digit of r?
1
Suppose -257642 = 60*f - 1961102. What is the thousands digit of f?
8
Let p(n) = n**2 - 2*n - 6. Let y(w) = 7*w**2 - 7. Let s(r) = -4*p(r) + y(r). Suppose -2*k - 3*c = 22, k + 0*k - 3*c + 2 = 0. What is the hundreds digit of s(k)?
1
Let i(u) = u**3 - u**2 - 4*u - 4. Let d be i(3). Let v be (-20 - -8)*d/4. What is the tens digit of (12/(-15))/(v/945)?
2
Suppose -2*u = 4*t - 730, t + 3*t - 1837 = -5*u. Suppose -u = -5*g - 4*q, -2*g + 24 + 120 = -2*q. Suppose -g = -8*a + 503. What is the tens digit of a?
7
Suppose -44*p - 108 = -46*p. Suppose -p*f - 304 = -55*f. What is the units digit of f?
4
Let w be 3 - -646*3/(-6). Let g = -874 - -375. Let v = w - g. What is the tens digit of v?
7
What is the units digit of ((-6)/(-18) - 50/(-30))*11276?
2
Suppose 2*s + 4 - 12 = 0, -2*s = 5*z - 78. Let w = 33 + -21. Let x = z - w. What is the units digit of x?
2
Suppose 291 = 34*u - 151. Suppose 5901 = u*c - 6*c. What is the tens digit of c?
4
Suppose m + 5*v + 5 = 13, 0 = 3*m + 5*v - 14. Suppose -m*n - 2*n = -10. Suppose -46 = -n*h + 182. What is the tens digit of h?
1
Let w(p) = p**2 + 16*p + 11. Let u be w(-11). Suppose 16*t = 2*t - 1778. Let r = u - t. What is the units digit of r?
3
Let d(x) = -413*x**3 - 6*x**2 + 154*x + 850. What is the ten thousands digit of d(-5)?
5
Let v(r) = 13*r - 20. Suppose 5*c - 1 = z, 3*z + 26 = -4*c - 53. Let o = z + 27. What is the tens digit of v(o)?
5
Let f(l) = 17*l**2 - l - 2*l + 13*l - l + 2*l - 24. What is the thousands digit of f(8)?
1
Suppose -6*a + 20*a = 20167 - 4781. What is the units digit of a?
9
Suppose 12802 = 9*n + 3415. Let d = n + -613. What is the units digit of d?
0
What is the units digit of ((-4)/(-6))/(4 + 706984/(-176748))?
9
Suppose 2*b + 3*b = 5*v - 360, -3*b = -4*v + 289. Suppose 69*w - v*w + 756 = 0. What is the units digit of w?
9
Suppose 2*w = -5*w + 21. Let a(m) = 11*m**3 - m**2 - 2*m + 7. Let k be a(w). Let v = k - 143. What is the hundreds digit of v?
1
Let d(c) = c**3 - 3*c**2 + 55*c - 12. What is the hundreds digit of d(13)?
3
Suppose -3*l - 6 = 0, p + l + 2*l - 485 = 0. Let w = p - 198. Suppose 4*k = -37 + w. What is the tens digit of k?
6
Suppose -4*c = 5*r - c - 16, 0 = -4*c + 8. Suppose -k - 3*k + 16 = -r*z, 8 = 4*z. Suppose k*h - 160 = h. What is the tens digit of h?
4
Suppose 5*u - 36328 = 2747. What is the thousands digit of u?
7
Suppose -10*t = 1404 - 4313 - 10881. What is the thousands digit of t?
1
Let z(v) = 9*v**2 - 891*v - 216. What is the ten thousands digit of z(113)?
1
Suppose 99*w - 104*w + 20 = 0. Suppose 5*s - 5*o = -0*o + 6055, -w*s + 4844 = 3*o. What is the units digit of s?
1
Let d(b) = 3273*b + 146. What is the hundreds digit of d(7)?
0
Let i be (-2 + 1)*-5 - -2138. Suppose 5*l - 2*j - 4377 = 0, 2*l - 3*j - i = -401. What is the tens digit of l?
7
Suppose -2*w + 0*w = -5*s + 10, 0 = -3*w + 4*s - 1. Suppose w*a - 201 + 981 = 0. What is the tens digit of (-14)/(-6)*a/(-2)?
8
Let v be (-3160)/44 + (-72)/33 + 2. Let z = v - -394. What is the units digit of z?
2
What is the thousands digit of (-12)/4 - (0 - 24600 - 68/(-17))?
4
Suppose -5*j + 819 = -f, f - 3*f = 2*j - 318. What is the units digit of j?
3
Let p(w) = w**3 + 5*w**2 + 4*w + 19. Let n be p(-5). What is the units digit of 406 - n*(-3 + 4 - -1)?
8
Let r be 50 + (2 + 1 - (-9 - -12)). What is the units digit of (2 - (-36)/8)*r?
5
Suppose -44 = -10*b + 12*b. Let z = b - -496. Suppose 2*g = 2*d + g - 478, -2*d + 2*g = -z. What is the units digit of d?
1
Let v(j) = -j**2 + 3*j + 14. Let i be 1*3 - (5 - 0 - 7). Let g be v(i). What is the tens digit of g/(36/489) - 1/3?
5
Suppose -13*i + 40897 + 32449 = 0. Suppose -13*p + 6487 = -i. What is the tens digit of p?
3
Let f be -10*(3/15)/(3/(-9)). Suppose -f*z - 86 = -632. Suppose -h + z = -2*m, 5*h - 2*h - 268 = m. What is the units digit of h?
9
Let p be ((-8)/6)/((-2)/3). Let l be (-11)/(-7) + 3/7. Suppose p*w - 112 = -l*w. What is the tens digit of w?
2
Let u = -20740 - -71992. What is the thousands digit of u?
1
Let f be 6 - (-25 + (4 - 1)). Suppose 3*l + f - 2680 = 0. What is the units digit of l?
4
Let l = 13954 + -8703. What is the thousands digit of l?
5
Let q be (-10)/(-15) - 20031/9. Let y = -1363 - q. What is the tens digit of y?
6
Suppose 0 = -4*g + 2*d + 10, 7 = g - 5*d - 0. Suppose c - 370 = -2*v, 5*c = c - g*v + 1474. What is the units digit of c?
8
Let n(v) = -8*v**3 + 321*v**2 + 43*v + 28. What is the hundreds digit of n(37)?
8
Suppose -3*z - 344 = -k, 4*k - 1779 = -z - 351. Suppose -26*b = -k - 11058. What is the hundreds digit of b?
4
Let p(r) = -7536*r - 90. What is the hundreds digit of p(-2)?
9
Suppose -23814 = -968*p + 961*p. What is the units digit of p?
2
Suppose -4*o - 5*w = -18941, 0 = o + 5*w - 4283 - 441. Suppose 1087*h - 1080*h - o = 0. What is the hundre